06091?
7, 127, 2819
What are the prime factors of 1883767?
103, 18289
What are the prime factors of 2102599?
37, 56827
What are the prime factors of 215750?
2, 5, 863
What are the prime factors of 80293?
23, 3491
List the prime factors of 1468481.
7, 23, 1303
What are the prime factors of 621377?
419, 1483
List the prime factors of 217673.
109, 1997
List the prime factors of 541340.
2, 5, 27067
What are the prime factors of 459370?
2, 5, 71, 647
What are the prime factors of 187924?
2, 11, 4271
List the prime factors of 3997855.
5, 97, 8243
What are the prime factors of 510279?
3, 7, 11, 47
List the prime factors of 644930.
2, 5, 11, 13, 41
What are the prime factors of 9236590?
2, 5, 11, 83969
List the prime factors of 831419.
17, 48907
List the prime factors of 476776.
2, 61, 977
List the prime factors of 501263.
7, 101, 709
What are the prime factors of 917371?
7, 13, 17, 593
What are the prime factors of 35590?
2, 5, 3559
List the prime factors of 5095032.
2, 3, 212293
What are the prime factors of 1881150?
2, 3, 5, 12541
What are the prime factors of 3136316?
2, 739, 1061
List the prime factors of 5219072.
2, 19, 29, 37
What are the prime factors of 885040?
2, 5, 13, 23, 37
What are the prime factors of 135668?
2, 13, 2609
List the prime factors of 1552694.
2, 11, 13, 61, 89
List the prime factors of 1434300.
2, 3, 5, 7, 683
List the prime factors of 590116.
2, 31, 4759
List the prime factors of 1183065.
3, 5, 13, 6067
List the prime factors of 157242.
2, 3, 73, 359
List the prime factors of 200268.
2, 3, 5563
What are the prime factors of 19884081?
3, 7, 946861
List the prime factors of 9754965.
3, 5, 11, 6569
List the prime factors of 2334146.
2, 67, 17419
What are the prime factors of 1253903?
7, 17, 41, 257
What are the prime factors of 1387581?
3, 13, 47, 757
What are the prime factors of 740758?
2, 17, 21787
What are the prime factors of 5563601?
31, 179471
What are the prime factors of 1739054?
2, 797, 1091
List the prime factors of 7100220.
2, 3, 5, 17, 6961
List the prime factors of 8620034.
2, 19, 226843
What are the prime factors of 51254?
2, 7, 523
List the prime factors of 465044.
2, 19, 29, 211
What are the prime factors of 4291685?
5, 23, 67, 557
List the prime factors of 4972509.
3, 19, 359
What are the prime factors of 349803?
3, 38867
What are the prime factors of 7434188?
2, 37, 50231
What are the prime factors of 1635257?
13, 125789
List the prime factors of 34319394.
2, 3, 103, 107, 173
What are the prime factors of 341670?
2, 3, 5, 7, 1627
What are the prime factors of 280453?
283, 991
List the prime factors of 2788824.
2, 3, 116201
What are the prime factors of 784031?
311, 2521
List the prime factors of 12012.
2, 3, 7, 11, 13
What are the prime factors of 972742?
2, 151, 3221
List the prime factors of 997261.
37, 26953
What are the prime factors of 519057?
3, 7, 11, 107
What are the prime factors of 755512?
2, 94439
List the prime factors of 1277120.
2, 5, 13, 307
What are the prime factors of 31782079?
7, 19, 12577
What are the prime factors of 1299156?
2, 3, 108263
List the prime factors of 159377.
47, 3391
List the prime factors of 3821174.
2, 7, 23, 11867
What are the prime factors of 812805?
3, 5, 7, 7741
List the prime factors of 527788.
2, 131947
What are the prime factors of 34236?
2, 3, 317
What are the prime factors of 8077414?
2, 17, 237571
What are the prime factors of 3390159?
3, 1130053
List the prime factors of 120284.
2, 30071
What are the prime factors of 10899049?
7, 1557007
What are the prime factors of 2011866?
2, 3, 547, 613
What are the prime factors of 221835?
3, 5, 23, 643
List the prime factors of 3853018.
2, 13, 148193
List the prime factors of 2123299.
443, 4793
What are the prime factors of 69815?
5, 13963
List the prime factors of 11354086.
2, 89, 227, 281
What are the prime factors of 401840?
2, 5, 5023
What are the prime factors of 49813?
109, 457
List the prime factors of 2492376.
2, 3, 29, 3581
What are the prime factors of 78925?
5, 7, 11, 41
List the prime factors of 6273609.
3, 37, 56519
What are the prime factors of 286157?
67, 4271
List the prime factors of 21262.
2, 10631
List the prime factors of 1586.
2, 13, 61
List the prime factors of 151455.
3, 5, 23, 439
List the prime factors of 44680.
2, 5, 1117
What are the prime factors of 28776197?
23, 139, 9001
List the prime factors of 13689024.
2, 3, 83, 859
What are the prime factors of 199794?
2, 3, 7, 67, 71
What are the prime factors of 10909346?
2, 7, 779239
What are the prime factors of 65085?
3, 5, 4339
What are the prime factors of 1784087?
23, 77569
List the prime factors of 10949064.
2, 3, 7, 65173
List the prime factors of 226203.
3, 75401
List the prime factors of 6717105.
3, 5, 149269
List the prime factors of 2678484.
2, 3, 223207
What are the prime factors of 39333?
3, 7, 1873
What are the prime factors of 144076?
2, 181, 199
List the prime factors of 706968.
2, 3, 1091
What are the prime factors of 710980?
2, 5, 19, 1871
What are the prime factors of 1000135?
5, 317, 631
What are the prime factors of 364967?
151, 2417
List the prime factors of 10027090.
2, 5, 1002709
List the prime factors of 15236399.
181, 84179
List the prime factors of 35230.
2, 5, 13, 271
What are the prime factors of 15346?
2, 7673
What are the prime factors of 302461?
19, 15919
What are the prime factors of 1857912?
2, 3, 7, 11059
List the prime factors of 412238.
2, 31, 61, 109
What are the prime factors of 818615?
5, 7, 19, 1231
List the prime factors of 507687.
3, 31, 53, 103
What are the prime factors of 4224198?
2, 3, 11, 29, 2207
What are the prime factors of 9571879?
47, 203657
What are the prime factors of 829708?
2, 11, 109, 173
List the prime factors of 71897.
7, 10271
What are the prime factors of 92458?
2, 46229
List the prime factors of 27217.
17, 1601
What are the prime factors of 115286?
2, 59, 977
List the prime factors of 6309260.
2, 5, 167, 1889
What are the prime factors of 710629?
199, 3571
List the prime factors of 1654603.
37, 197, 227
List the prime factors of 3410072.
2, 23, 43, 431
List the prime factors of 1356626.
2, 271, 2503
List the prime factors of 170027.
11, 13, 29, 41
What are the prime factors of 4115481?
3, 1371827
List the prime factors of 2247916.
2, 11, 47, 1087
List the prime factors of 2232714.
2, 3, 11, 33829
What are the prime factors of 589826?
2, 41, 7193
List the prime factors of 202537.
337, 601
List the prime factors of 480752.
2, 30047
What are the prime factors of 879038?
2, 439519
What are the prime factors of 2971119?
3, 137, 7229
What are the prime factors of 310749?
3, 103583
What are the prime factors of 433448?
2, 54181
What are the prime factors of 306809?
306809
What are the prime factors of 68717?
11, 6247
What are the prime factors of 1898211?
3, 7, 37, 349
List the prime factors of 11239112.
2, 31, 45319
What are the prime factors of 13849?
11, 1259
List the prime factors of 4702876.
2, 163, 7213
What are the prime factors of 9378031?
13, 721387
List the prime factors of 161166.
2, 3, 26861
List the prime factors of 1704287.
13, 31, 4229
List the prime factors of 12561767.
73, 172079
What are the prime factors of 353600?
2, 5, 13, 17
What are the prime factors of 205867?
127, 1621
List the prime factors of 6931381.
79, 87739
What are the prime factors of 6802193?
17, 23537
What are the prime factors of 1314461?
59, 22279
List the prime factors of 19201657.
617, 31121
List the prime factors of 25426214.
2, 11, 29, 3623
What are the prime factors of 341689?
449, 761
List the prime factors of 1741063.
1741063
What are the prime factors of 136102?
2, 17, 4003
What are the prime factors of 30683090?
2, 5, 1097, 2797
What are the prime factors of 2126088?
2, 3, 17, 193
What are the prime factors of 9952025?
5, 79, 5039
List the prime factors of 183073.
11, 17, 89
List the prime factors of 19552203.
3, 11, 41, 4817
List the prime factors of 70254.
2, 3, 1301
List the prime factors of 766626.
2, 3, 7, 18253
What are the prime factors of 682909?
37, 18457
List the prime factors of 4841902.
2, 13, 186227
What are the prime factors of 206386?
2, 37, 2789
What are the prime factors of 15876483?
3, 7, 756023
List the prime factors of 1033895.
5, 206779
List the prime factors of 542648.
2, 